to base 11
1519021
5003b (base 12) to base 7
611261
What is 1022011220001 (base 3) in base 11?
433299
Convert -61b44 (base 12) to base 16.
-1f324
Convert -5afca (base 16) to base 7.
-3111352
-744ca5 (base 15) to base 14
-a40d20
Convert 6347a (base 12) to base 8.
376336
Convert 3002313 (base 5) to base 8.
134150
-141986 (base 12) to base 6
-11102250
What is 2632b4 (base 12) in base 8?
2311750
-31e80a (base 16) to base 4
-30132200022
2c473 (base 16) to base 14
4a147
Convert -2a5511 (base 11) to base 14.
-c5568
Convert -1243200203 (base 5) to base 2.
-1011110100110110010101
-1656546 (base 10) to base 2
-110010100011011100010
What is -41230100 (base 6) in base 9?
-2206640
-9a06b8 (base 16) to base 8
-46403270
Convert -263994 (base 10) to base 8.
-1003472
What is -253c0b1 (base 13) in base 15?
-1048984
Convert 2a0a8 (base 11) to base 4.
22123112
-100002012110100 (base 3) to base 11
-27a7098
What is 1076782 (base 9) in base 6?
20252115
-462640 (base 7) to base 2
-10100001011010010
Convert 128147 (base 10) to base 8.
372223
110110011110010 (base 2) to base 13
c905
Convert -1414415 (base 6) to base 16.
-138cb
What is -755765 (base 9) in base 4?
-1231331303
Convert 1732550 (base 8) to base 2.
1111011010101101000
Convert -21004456 (base 7) to base 11.
-aa7098
-150363305 (base 7) to base 15
-d17a9e
6635 (base 10) to base 7
25226
-1101001000101100010000 (base 2) to base 16
-348b10
30240540 (base 6) to base 9
1551646
Convert -11330066 (base 7) to base 10.
-998864
What is -b22536 (base 12) in base 16?
-2a767a
Convert 10100100011111000 (base 2) to base 11.
58300
Convert -10022320311 (base 4) to base 2.
-100001010111000110101
Convert 109433 (base 10) to base 9.
176102
Convert -6025a (base 13) to base 4.
-221330003
3964199 (base 10) to base 7
45460301
What is 5c4e5 (base 16) in base 7?
3133201
Convert -1bd1fd (base 16) to base 11.
-1035901
Convert 646120 (base 7) to base 3.
12201102011
Convert -5176633 (base 8) to base 13.
-3921b9
What is 4016363 (base 7) in base 8?
1640157
Convert -4972c2 (base 15) to base 4.
-31122233012
-232000101 (base 4) to base 7
-1413240
Convert -100101100111110001 (base 2) to base 10.
-154097
53eea1 (base 15) to base 12
140a4b1
Convert 469275 (base 13) to base 7.
20152320
What is -863545 (base 10) in base 8?
-3226471
Convert -135335 (base 12) to base 11.
-1a9599
What is -51180a (base 12) in base 13?
-355090
-211111040 (base 5) to base 6
-30500543
105140250 (base 6) to base 11
10a6001
4021044 (base 6) to base 11
11a387
What is -84a2a9 (base 12) in base 6?
-112453533
What is 153012 (base 11) in base 15?
4a8e2
What is 3a973 (base 11) in base 13?
20776
What is -100001011010110101 (base 2) in base 8?
-413265
What is 156536 (base 9) in base 11?
66699
4423442 (base 7) to base 13
160730
What is 80248 (base 10) in base 11?
55323
Convert -125354004 (base 6) to base 8.
-11431424
Convert -110012003323 (base 4) to base 12.
-1920537
11100100100000000011100 (base 2) to base 3
112002101221102
What is 233702 (base 12) in base 8?
2121462
What is -2947a (base 12) in base 9?
-87124
Convert -834423 (base 9) to base 13.
-1445ca
Convert -141a1d (base 16) to base 2.
-101000001101000011101
14247 (base 12) to base 3
1102101201
Convert -2a37b (base 14) to base 9.
-168882
-32122031201 (base 4) to base 10
-3777377
-1132542 (base 8) to base 10
-308578
-7603730 (base 8) to base 12
-820a48
-330154102 (base 6) to base 3
-102002102210102
Convert -1100010010010000001 (base 2) to base 6.
-12343413
Convert 3a8992 (base 11) to base 3.
1012120211121
What is -140894 (base 11) in base 8?
-657016
Convert 54282a (base 12) to base 8.
5051042
1110001010011111000 (base 2) to base 7
3642056
Convert 115bb8 (base 12) to base 8.
1042574
What is -2124a55 (base 11) in base 10?
-3740049
110101110000010010 (base 2) to base 14
5a350
22093d (base 16) to base 4
20200210331
6863bc (base 14) to base 7
42121125
124223302 (base 5) to base 9
1140728
Convert -54a2a (base 11) to base 14.
-210dd
220200220 (base 4) to base 2
101000100000101000
8ac8b (base 13) to base 2
111101101010111001
2b7b8 (base 12) to base 7
344450
1011000011111011 (base 2) to base 4
23003323
What is -135441522 (base 6) in base 13?
-768845
-44b60 (base 15) to base 8
-652705
What is 49a2 (base 11) in base 6?
50113
Convert 148322 (base 9) to base 3.
11122100202
Convert 203744 (base 12) to base 14.
d18d6
Convert -100111100010110011 (base 2) to base 3.
-22020011221
What is 431305 (base 9) in base 8?
765530
438384 (base 10) to base 4
1223001300
-65ddd0 (base 14) to base 12
-11a89aa
Convert -11110101001110001110 (base 2) to base 13.
-29224b
-496a44 (base 13) to base 10
-1757149
1010231002 (base 4) to base 10
281410
What is 301121100 (base 4) in base 7?
1501566
What is -33043516 (base 7) in base 13?
-7831cc
-21b4108 (base 13) to base 7
-153646143
116136144 (base 7) to base 5
3333223022
Convert -140203051 (base 6) to base 12.
-b39487
b8910 (base 14) to base 2
1101100111101100010
Convert 132202202 (base 4) to base 3.
20100120222
Convert 9127a (base 11) to base 3.
20210000211
Convert 310872 (base 9) to base 6.
3541445
295967 (base 12) to base 13
1b403c
Convert -90ec2 (base 16) to base 4.
-2100323002
-4488b (base 13) to base 14
-3352b
Convert -23aa4a6 (base 11) to base 2.
-1111111110000111100011
What is 1594459 (base 13) in base 3?
111002002102021
10a0803 (base 13) to base 11
2983066
Convert 10a03a (base 11) to base 2.
101010100101000100
What is -a4481 (base 12) in base 4?
-310132201
What is 23c76e (base 16) in base 8?
10743556
-57637 (base 8) to base 5
-1240404
39360 (base 12) to base 7
444114
Convert 384a8 (base 13) to base 5.
11312243
Convert 32002454 (base 6) to base 7.
10636150
What is 2330230130 (base 4) in base 3?
1110021012122
Convert 52441243 (base 6) to base 3.
2212201012200
Convert -27d53 (base 15) to base 9.
-214366
What is 1100101110110000110 (base 2) in base 9?
705208
Convert -13554051 (base 6) to base 3.
-212200110011
Convert 155ba3 (base 12) to base 9.
612666
1255056 (base 8) to base 3
122211011100
Convert 42254341 (base 7) to base 2.
1101101001001100111101
What is -49148 (base 11) in base 8?
-212074
Convert -3b638 (base 15) to base 7.
-1422053
What is -244322443 (base 5) in base 12?
-4835a8
Convert 1414686 (base 11) to base 13.
67405c
What is -1613731 (base 8) in base 16?
-717d9
Convert -11010110111000011001010 (base 2) to base 6.
-410530134
Convert 11111100110000001100 (base 2) to base 15.
156b36
Convert -23a9a7 (base 11) to base 9.
-640003
What is 5d672 (base 14) in base 15?
47cd8
Convert 1241498 (base 10) to base 12.
4ba562
Convert 14b1a7 (base 13) to base 7.
4222624
What is -19c209 (base 15) in base 3?
-2100210212000
What is -50002664 (base 7) in base 4?
-33231203111
Convert -110001100111111101101 (base 2) to base 15.
-221c13
Convert 233343213 (base 5) to base 3.
2000121100201
What is -514 (base 14) in base 15?
-468
What is -db15 (base 16) in base 4?
-31230111
-200104444 (base 5) to base 15
-1078d4
-300200152 (base 6) to base 2
-10011010010000000000100
Convert 742373 (base 8) to base 9.
415773
What is -20664 (base 11) in base 13?
-108c9
What is 222421 (base 7) in base 2?
1001100110010001
Convert 2411113234 (base 5) to base 6.
315151422
Convert -1000111110110000101 (base 2) to base 14.
-7935b
What is -4015344 (base 7) in base 14?
-c50cb
Convert 132433 (base 8) to base 4.
23110123
What is 30141245 (base 7) in base 16?
261bea
Convert 1001221130 (base 5) to base 6.
110210023
What is -32032122 (base 4) in base 8?
-161632
What is 1113212434 (base 5) in base 3?
11122210102111
-906629 (base 11) to base 3
-2202002021111
Convert 1308449 (base 12) to base 10.
3746937
What is -1040040212 (base 5) in base 14?
-430850
Convert -4a97d (base 16) to base 15.
-607dd
What is -2b4b4 (base 12) in base 9?
-102841
What is -1615347 (base 11) in base 7?
-32312262
229775 (base 11) to base 7
3045035
Convert -c96e34 (base 15) to base 16.
-925b16
Convert -189688 (base 10) to base 13.
-68455
11110011000111111 (base 2) to base 6
2400143
What is 10100313231 (base 4) in base 10?
1117677
What is 809106 (base 12) in base 13?
5532c3
Convert 5324201 (base 7) to base 4.
2131131023
33042121 (base 5) to base 2
1000101010110000100
Convert -659037 (base 10) to base 2.
-10100000111001011101
Convert -78087 (base 11) to base 2.
-11011101001001110
Convert 7163